ivided by 4?
3
Suppose -n + u + 4536 = 0, -5*n + 4*u - 9815 + 32487 = 0. Calculate the remainder when n is divided by 162.
154
Suppose 0*p + 535 = 5*p. Let m = -1326 + 1364. What is the remainder when p is divided by m?
31
Suppose u + 9 - 2 = 3*q, -3*u - 5 = -q. Calculate the remainder when 86 is divided by 22 + 0/(12/q).
20
Suppose -26*g - 6924 = -14*g. Let f = 586 + g. Suppose -2*i - 32 = -4*i. What is the remainder when i is divided by f?
7
Let b = -167 + 172. Suppose 3*r + b*h - 585 = -234, r - 100 = 4*h. Calculate the remainder when r is divided by 29.
25
Let j(l) = -l**3 + 29*l**2 + 177*l - 17. Calculate the remainder when j(-6) is divided by 22.
5
Let n = -11180 - -11256. Calculate the remainder when 107 is divided by n.
31
Suppose 542*k - 1128 = 495*k. Let s = 5 - -2. Calculate the remainder when k is divided by s.
3
Suppose -3*r - 402 = -17*r + 648. What is the remainder when 215 is divided by r?
65
Let y = 134 + -113. Suppose 168 = 27*k - y*k. Calculate the remainder when 475 is divided by k.
27
Suppose 3*w = -4*l + 1888, -4*l + w + 375 = -1529. Calculate the remainder when 1427 is divided by l.
2
Suppose 92 - 11 = 9*l. Let y = l - 4. What is the remainder when ((-222)/(-9))/((-10)/(-15)) is divided by y?
2
Let m = 11453 + -11445. Suppose 3*i = -i - 12. Let r = 7 + i. What is the remainder when m is divided by r?
0
Suppose -5*r - 5*k + 3855 = 0, 2109 = -2*r + 2*k + 3663. Calculate the remainder when r is divided by 103.
53
Let k = -2465 - -2488. What is the remainder when 185 is divided by k?
1
Let t(l) = 10*l**2 + 403*l - 143. What is the remainder when t(-41) is divided by 45?
9
Let i(x) = 3*x**3 - 17*x**2 + 20*x - 44. Calculate the remainder when 866 is divided by i(5).
2
Suppose 0 = -38357*m + 38368*m - 24970. What is the remainder when m is divided by 32?
30
Let z(o) = 6*o**2 + 2*o - 5. Suppose 6 = -4*j + 7*j. Suppose 5 = -r + j. Calculate the remainder when z(r) is divided by 5.
3
Let x(b) = -6*b**2 + 24*b + 3. Let y be x(4). Let v(m) = -3*m**2 + 9*m**2 + m**3 + 9*m + 9*m**y - 11*m**3 - 7. What is the remainder when 12 is divided by v(7)?
5
What is the remainder when (-269)/9 - -30 - 11590/(-18) is divided by 95?
74
Let f be (-26)/(-91) - (-4)/(-14). Let i(v) = -v**3 - v**2 - v + 16. What is the remainder when i(f) is divided by 7?
2
Suppose 11*a - 140 = 6*a. Suppose -7 = -5*g + a. What is the remainder when 123 is divided by g?
4
Suppose -152 = 4*n + 48. Let h = -41 - n. Let j = -359 + 374. Calculate the remainder when j is divided by h.
6
Let f = 2218 - 2148. Calculate the remainder when f is divided by 37.
33
Let p = -474 + 1503. Suppose -6*b - b = -p. Calculate the remainder when b is divided by 30.
27
Suppose -92*x - 53*x + 192*x = 141. Calculate the remainder when (-58 - 1)*(-1 + -1) is divided by x.
1
Suppose 17*n = 22*n - 20. Suppose 0 = -5*u + 3*d - 4*d + 28, 0 = n*d + 8. What is the remainder when 39 is divided by 25/2*u*4/20?
9
Suppose 2*r = -5*q + 57, 229 = 9*r - 68*q + 63*q. Calculate the remainder when 257 is divided by r.
23
Suppose 0 = -3*k + y - 56, 6*k - 8*k - 49 = -3*y. Calculate the remainder when 49 is divided by (26/(-2))/(16 + k).
10
What is the remainder when (-639)/(-3)*1/3 is divided by 16/(-12) - (15 - (-2445)/(-45))?
33
Let h(t) = 3*t**3 - 6*t**2 + 4*t - 1. Let i be h(1). Suppose -2*n + 10*u - 6*u + 368 = i, n - u - 183 = 0. Calculate the remainder when n is divided by 47.
41
Let i(c) = 605*c + 101680. Suppose 2*l = -l. Calculate the remainder when i(-168) is divided by 1/(l + 1)*11.
7
Let u = 2176 + -1076. Suppose -3*q - 8*q = -u. Suppose -3*d - 30 = -g, -3*g + 4*d = 5*d - q. What is the remainder when g is divided by 7?
5
What is the remainder when 9573 is divided by 48*((-190)/(-60) - 2)?
53
Let j = 1541 + -1504. What is the remainder when 218 is divided by j?
33
Let m = -88 - -184. Let n(w) = -w - 5. Let i be n(-5). Suppose -2*l - l + m = i. Calculate the remainder when l is divided by 19.
13
Let z = -182 - -180. Calculate the remainder when (8/(-10))/((-3)/15) is divided by z*((-286)/220 + (-4)/(-5)).
0
Suppose 1249 = 2*j + j - 5*v, 4*j - 1607 = -5*v. Suppose j*u + 648 = 417*u. Calculate the remainder when 276 is divided by u.
60
Suppose 1067 = -15*x + 26*x. Let v(p) = -12*p + 35. Calculate the remainder when x is divided by v(2).
9
Let h(q) = q**2 - 5*q - 2. Let m be h(4). Let i(g) = g**3 + 7*g**2 - 8*g - 18. What is the remainder when i(m) is divided by 35?
31
Let b = 5245 + -1074. Calculate the remainder when b is divided by 73.
10
Let n(s) = -20*s**3 - 37*s**2 - 2*s. Calculate the remainder when ((-16)/6)/(12/(-270)) is divided by n(-2).
12
Suppose -5*s - 11 = 19. Let a be (-4)/2*((-9)/s)/(-3). Suppose -a = -v + 21. What is the remainder when v is divided by 12?
10
Suppose -5*v - 4*n + 306 = 0, 0*n + n + 1 = 0. What is the remainder when 432 is divided by v?
60
Let k(p) = 619*p + 48315. Let f = 864 + -536. Calculate the remainder when f is divided by k(-78).
31
Let x(w) = 14*w - 62. What is the remainder when (-5 - (-3605)/30) + 9/(-54) is divided by x(9)?
51
Let l = -96 - -115. Suppose 6*o = -o + 42. Calculate the remainder when 56 is divided by l*2*o/12.
18
Let p = -19766 - -36690. Calculate the remainder when p is divided by 31.
29
Suppose -76626 = 15*h - 72*h - 9*h. Calculate the remainder when h is divided by 79.
55
Suppose -2*r + 4*r = 36. Suppose 0 = -4*g - 3*d + 357, -74*d + 56*d = g - 141. Calculate the remainder when g is divided by r.
15
Suppose -22*z = -2*z - 280. What is the remainder when 33 - (6 - 7 - 2/2) is divided by z?
7
Suppose 0 = -8*p + p - 4*p. Suppose p = -5*m - 5*n - 390, 0 = -0*m - 5*m - 2*n - 402. Let r = m + 255. Calculate the remainder when r is divided by 25.
23
Let y = 2722 + -2680. What is the remainder when y is divided by 22?
20
Let g(m) = -3 + 3*m + 3*m + 5*m + 3*m - 13*m. What is the remainder when 77 is divided by g(22)?
1
Let m = 150 - 148. Suppose -6*w + 5*k = -w - 5, m*w = 3*k - 1. Suppose 0 = 2*n - w*i - 98, 7 - 1 = 3*i. Calculate the remainder when n is divided by 29.
24
Let z(u) = -u + 18. Let l be z(14). Suppose 3*a - 3*o = 45, -5*a = l*o + 5 - 107. Calculate the remainder when 138/4 - 2/4 is divided by a.
16
Let a = 80 + -1. Let d = -3261 + 3298. Calculate the remainder when a is divided by d.
5
Calculate the remainder when -20275*((-828)/(-115))/(-36) is divided by 28.
23
Suppose l = -6*r + 102, 4*l - r - 87 = 321. Calculate the remainder when l is divided by 27.
21
Let p = -3143 - -4488. What is the remainder when p is divided by 56?
1
Suppose 9*f - 11*f = -6. Let g(w) = -5*w + 23. Calculate the remainder when 84 is divided by g(f).
4
Let w(x) = 6 + x**2 + 5*x + 11*x - 16 - 1. What is the remainder when 20 is divided by w(-17)?
2
Let k(l) = 516 + 0*l + 3*l - 409 + 0*l. What is the remainder when 61 is divided by k(-33)?
5
Let y = -11158 - -13176. Calculate the remainder when y is divided by 101.
99
Let x = -48 - -51. Suppose -2*i = i - x. What is the remainder when (3 + 44/4)*(i + 2) is divided by 22?
20
Suppose 0 = 2*j - j - 426. Suppose 33*u + 37245 = 151*u + 73*u. Let r = j - u. Calculate the remainder when r is divided by 18.
15
Suppose -9*a = 2254 - 850. Let l = 165 + a. Calculate the remainder when (-4)/2 + 14 + 5 is divided by l.
8
What is the remainder when 208 is divided by (26*12/468)/(1/141)?
20
Let n be 564/18*(-5 + 2). Let q = 110 + n. Calculate the remainder when 62 is divided by q.
14
Let n(g) = -154*g**2 - 716*g + 13. What is the remainder when n(-3) is divided by 8?
7
Suppose 4*r + 2*v - 146 = 0, -2*v - 74 = -2*r - 4*v. Suppose -7*a + 96 = a. Calculate the remainder when r is divided by a.
0
Let d(t) = -2*t**2 - 9*t + 3. What is the remainder when d(-4) is divided by 6?
1
Suppose t = -3, 5*y + 3*t - 59 = 27. Calculate the remainder when (0 - (-3 + 73/35))*-5*-7 is divided by y.
13
Let j(l) = l**2 + 8*l + 18. Let t(s) = s + 38. Let y be t(-8). Suppose -24 = 4*u + x, 4*u + y = -u - 3*x. What is the remainder when 17 is divided by j(u)?
5
Calculate the remainder when ((-459)/(-6) - 10)*2 is divided by 45.
43
Let p = -23 - -19. Calculate the remainder when 6/((-96)/(-632)) - 2/p is divided by 19.
2
Let w = -35538 - -35562. Calculate the remainder when 1211 is divided by w.
11
Let s(v) = v**3 + 3*v**2 - 5*v - 4. Let p be s(-4). 